= -7043 - -10577. What is the tens digit of z?
3
Let j(z) = -2*z**3 + 2*z**2 - z - 37. Let m be j(0). Let h = m + 247. What is the tens digit of h?
1
Let m(z) be the second derivative of z**3/2 + z**2/2 + z. Let v be -6*((-6)/(-4) - 2). What is the tens digit of m(v)?
1
Let b(o) = -o**3 + o**2 - 2*o + 339. What is the tens digit of b(0)?
3
Suppose 2*h - 2*p = 14, 2*h = -5*p - 30 + 9. Suppose -f + 330 = 4*f. Suppose -4*l = 2*w - h*l - f, 5*w - 3*l - 189 = 0. What is the units digit of w?
6
Let f(q) be the third derivative of q**4/12 - 2*q**3/3 - 5*q**2. Let c be f(3). Suppose 63 = 3*k - w, -c*k = -0*w + 3*w - 42. What is the tens digit of k?
2
Suppose k - 60 = -0*k. Let n = 412 - 432. Let l = n + k. What is the units digit of l?
0
Let v = -11 - -14. Let h(a) = a**2 - 3*a + 4. Let u be h(v). What is the tens digit of 31 + (0/u - -1)?
3
Suppose -7*p = -4*p - 3. Suppose 0 = -5*m + 6*s - s - 10, -p = 2*m + s. Let v(u) = 13*u**2 - 2*u - 1. What is the tens digit of v(m)?
1
Let w(m) = -77*m - 56. What is the tens digit of w(-1)?
2
Suppose h - 5*q - 184 = -3*h, 184 = 4*h - 3*q. Let p = 88 - h. What is the units digit of p?
2
Suppose -5 = z + 11. What is the tens digit of (-952)/z*(-20)/(-7)?
7
Let o = 147 - 156. What is the hundreds digit of (o - -307) + 3*1?
3
Let r be (-6 + 56)*6/4. Suppose 2*m - r = -m. What is the tens digit of (-4)/2*m/(-2)?
2
Suppose -2*q + 4 + 2 = 0. Suppose 2*n + 18 = 4*h - 32, -q*h - n + 35 = 0. Let o = -1 + h. What is the units digit of o?
1
Let g(l) = -16*l + 16. Let d be g(8). What is the hundreds digit of 2084/18 + (d/63)/(-8)?
1
What is the units digit of (-1 + 2)/(-7*13/(-127491))?
1
Let m = -1313 + 2034. What is the hundreds digit of m?
7
Let n = -6 - 26. Let u = 13 - n. What is the units digit of u?
5
Let z = 29 + -23. Suppose 0 = -2*d - z, -6*r - 2*d = -r - 74. What is the tens digit of r?
1
Suppose -2*r = 2*w - 3676, -16*w + 18*w - 3*r = 3666. What is the thousands digit of w?
1
Let m(v) = 2*v**2 - 45*v - 64. What is the hundreds digit of m(-19)?
5
Let d = 12 - 8. What is the tens digit of 6/d + (-182)/(-4)?
4
Suppose 209 = 9*u - 88. What is the units digit of -51*(u/(-9) - -3) + 1?
5
Let b(q) = -1. Let j(t) = -17*t**2 + 3*t + 2. Let r(s) = -b(s) - j(s). What is the units digit of r(2)?
1
Let v(j) = -25*j**3 + 4*j + 6. What is the hundreds digit of v(-4)?
5
Let d = -28 - -36. What is the tens digit of d - -26 - (0 - 1)?
3
Let x be (-14)/10 - (-5)/(25/2). What is the units digit of 2/(x/32*-2)?
2
Suppose 7 = -5*v - 13. Let u be (-8)/10*10/v. Let i(x) = -x**2 + 3*x - 1. What is the units digit of i(u)?
1
Suppose 5*t - 23 = -4*s, -t + 3*s + 15 = -1. Let q(b) = b - 7. Let j be q(t). Suppose j = 5*l - 24 - 21. What is the units digit of l?
9
Suppose 4*c - 5*v - 89 = 0, 0 = 4*c + 5*v - 38 - 1. Suppose -5*b + c = 4*m, -5*m - 4*b + 29 = -0*m. What is the units digit of m?
9
Let j(m) = m**3 + 3*m**2 - 2*m + 2. Let a be j(-3). Let r(w) = w**2 - 5*w - 11. What is the units digit of r(a)?
3
Let c(m) be the first derivative of m**3/3 - m**2/2 - 12*m + 2. What is the units digit of c(-6)?
0
Let v = 36 + -31. Suppose -v*n + 73 = 2*b, 4*b = n - b - 20. What is the units digit of n?
5
What is the hundreds digit of 132/(-858) - 46945/(-13)?
6
Let v = -892 - -1776. What is the units digit of v?
4
Suppose 0 = -3*f - 0*j - 2*j + 6, 5*f + j - 3 = 0. Let n be (8/6)/((-2)/(-39)). What is the units digit of 3 + n + 2 + f?
1
What is the tens digit of (-1180)/15*(2 + -5)?
3
Let b(w) = -w**3 + 5*w**2 - 5*w - 1. Let f be b(6). Let h = f - -113. What is the units digit of h?
6
Suppose -3342 = 21*b - 17181. What is the hundreds digit of b?
6
Suppose 15*f = 7315 + 5885. What is the tens digit of f?
8
Let d = 198 + -182. Suppose 5*s = 6 + 14. Let a = d + s. What is the tens digit of a?
2
What is the hundreds digit of (3 + -4 - (-9)/6)*296?
1
Let i(v) = 2*v**3 - 20*v**2 + 51*v - 550. What is the thousands digit of i(15)?
2
Suppose -133*m - f = -128*m - 25155, -5*m = -4*f - 25155. What is the hundreds digit of m?
0
Let o(h) = h**2 - 4*h + 4. Let c(k) = 3*k**2 + 4*k + 2. Let b = 8 + -10. Let f be c(b). What is the units digit of o(f)?
6
Suppose 3*t - 2889 = 3*o, -4*t + 2*o + 2402 = -1446. What is the tens digit of t?
6
Let i(a) = a**3 - 3*a**2 + 3*a - 7. Let z be i(3). Suppose 0 = -z*x - 4*s + 278, -x + 4*s = 2*x - 427. Suppose 0*v = -3*v + x. What is the units digit of v?
7
Let l = -10 + 4. Let d(g) = g + 4. Let z(p) = 2*p + 8. Let f(x) = l*z(x) + 11*d(x). What is the units digit of f(-8)?
4
Let p(c) = -c**3 - 16*c**2 - 16*c - 7. Let f be p(-15). Suppose 2*d - 6*d = 2*h - f, -4*d + 4 = 3*h. What is the units digit of d?
4
Let r(m) = -m. Let u(p) = 6*p - 14. Let a(f) = 5*r(f) + u(f). Let j be a(10). What is the tens digit of (39/(-4))/(j/16)?
3
Let b(i) = 320*i - 724. What is the thousands digit of b(7)?
1
Let h = -677 - -1393. What is the hundreds digit of h?
7
Suppose 6 = 3*u, 4*u - 594 = -2*l + 496. What is the tens digit of l?
4
Let v be (-24)/10*(-75)/30. Suppose -v*a + 96 = -3*a. What is the units digit of a/(-144) + 652/18?
6
Suppose 21 = 3*v + 3. Suppose -3*h = -v*h + 18. What is the units digit of 17/51 + 4/h?
1
Suppose 0 = -2*q - 24. Let b = q - -27. What is the tens digit of 10*(-6)/b*-5?
2
Suppose -174 = -3*x - 2*j + 5*j, -4*x - 4*j = -248. Let g = -39 + 39. Suppose -5*q + x = -g*q. What is the tens digit of q?
1
Let v be ((-6)/(-8))/(2/8). Let z(o) = 10*o - 23*o + 4*o - 4 + 18*o + 5*o. What is the tens digit of z(v)?
3
Suppose -30*t + 33*t = 3528. What is the tens digit of t?
7
Let s be (-150)/18 - (-4)/(-6). Let j(x) = x**3 + 8*x**2 - 10*x + 14. What is the tens digit of j(s)?
2
Suppose 5*u - 25 = -5*r, 3*u + r - 11 = -u. Let i be (-9 - -6) + 10/u. Suppose -2*j = 2*j + i*o - 46, 2*o + 66 = 4*j. What is the units digit of j?
4
Let y be 1 - 0 - 156/4. Let p = 77 + y. What is the tens digit of (2/3)/(2/p)?
1
Let k be (8 - -1) + (-6)/(-6). Let u = k + -9. Let v = 0 + u. What is the units digit of v?
1
Suppose -7*q + 16662 - 5119 = 0. What is the thousands digit of q?
1
Let s(x) = -x**2 + x + 3. Let l be s(0). Suppose -w = l*w. Suppose -3*t + 3 = -o - w*t, -2*o - 2*t = -26. What is the units digit of o?
9
What is the units digit of 76636/252 - 3/27?
4
Let s(g) be the second derivative of -g**3 + g - 2*g - g**2 + 0*g**2. What is the units digit of s(-5)?
8
Suppose -11*z + 4*z = 0. What is the tens digit of 67 + (0 - z)/5?
6
Suppose 14*h = 12*h. Suppose -3*w + w + 120 = h. What is the tens digit of w?
6
Suppose -42 = -7*t + 658. Suppose -2*w + 6*w - t = 0. What is the units digit of w?
5
Suppose 2*q = -3*q + 25. Suppose -x + 2 = -5*f, 5*f + q*x - 3*x + 11 = 0. What is the units digit of (f/2)/((-5)/90)?
9
Let t(p) = -2*p + 18. Let z be t(8). Suppose 3*h - 351 = -2*h + z*x, -2*h + 140 = -x. What is the tens digit of h?
7
Let j(a) = 28*a + 47. What is the hundreds digit of j(15)?
4
Let l(n) = -n**2 - n - 10. Let f be l(-9). Let j = 157 + f. What is the units digit of j?
5
Suppose 4 + 6 = 5*o. Let g be ((-9)/o + 4)*-12. Suppose -g*t + t + 140 = 0. What is the tens digit of t?
2
Let t(w) = w**3 - 3*w**2 - w + 8. Let z be t(3). Suppose -z = -p + 20. What is the tens digit of p?
2
Suppose 26*n + u = 23*n + 8413, 0 = -2*u + 2. What is the units digit of n?
4
Let p(k) = -3*k**3 + k**3 + 0*k**3 - 6 + k**3 + 6*k. What is the tens digit of p(-5)?
8
Let l = -236 + 248. What is the tens digit of l?
1
What is the hundreds digit of 139*((-20)/4)/(-5)?
1
Let p = -11 + 6. Let t = 3 + -4. What is the units digit of (-5 - p) + t + 24?
3
What is the tens digit of ((-6)/12)/(2/(-1244))?
1
Let s = -7 + 47. What is the tens digit of s?
4
Suppose 2*y + 1 = 9. Suppose -x - b + 186 = 0, -3*b - 372 = 2*x - y*x. What is the tens digit of x?
8
Suppose 4*v - 2 = 18. Suppose -8 = -5*h - v*g + 12, -4 = 2*h - g. Suppose 8 = 4*a - h*a. What is the units digit of a?
2
Let f(n) = 11*n**2 - 1 - 6*n**3 + 3 + 8*n + 9 + 5*n**3. What is the units digit of f(9)?
5
Let a be 1 + 6 + 2 + 0 + -3. Suppose a*p - 36 = 3*p. What is the units digit of p?
2
Let z = -15 - -11. What is the hundreds digit of 606/z*2/(-3)?
1
Suppose -9*q + 15*q - 24 = 0. Suppose q*g + 41 = 201. What is the units digit of g?
0
Suppose 0 = 3*t - 6*u + u - 853, -2*t = u - 547. What is the units digit of t?
6
Suppo